 when 1910 is divided by 230.
70
Calculate the remainder when 387953 is divided by 129316.
5
Calculate the remainder when 85439 is divided by 85.
14
What is the remainder when 136998 is divided by 1161?
0
Calculate the remainder when 81190 is divided by 89.
22
Calculate the remainder when 58572 is divided by 9671.
546
What is the remainder when 26416 is divided by 111?
109
Calculate the remainder when 537 is divided by 392.
145
What is the remainder when 1714349 is divided by 50?
49
What is the remainder when 627 is divided by 555?
72
What is the remainder when 9919 is divided by 121?
118
Calculate the remainder when 463387 is divided by 96.
91
Calculate the remainder when 43135 is divided by 14362.
49
Calculate the remainder when 2843 is divided by 84.
71
Calculate the remainder when 29588 is divided by 66.
20
Calculate the remainder when 11516 is divided by 2291.
61
Calculate the remainder when 36794 is divided by 695.
654
Calculate the remainder when 1741897 is divided by 87.
70
Calculate the remainder when 95377 is divided by 686.
23
Calculate the remainder when 18966 is divided by 18.
12
What is the remainder when 5094 is divided by 128?
102
Calculate the remainder when 57094 is divided by 27.
16
Calculate the remainder when 6062 is divided by 1421.
378
Calculate the remainder when 3075 is divided by 64.
3
What is the remainder when 130 is divided by 126?
4
What is the remainder when 21100 is divided by 5238?
148
Calculate the remainder when 3473 is divided by 11.
8
What is the remainder when 1937 is divided by 611?
104
What is the remainder when 388 is divided by 35?
3
What is the remainder when 14250 is divided by 745?
95
Calculate the remainder when 23445 is divided by 44.
37
Calculate the remainder when 5462 is divided by 63.
44
Calculate the remainder when 529971 is divided by 292.
283
Calculate the remainder when 7005 is divided by 16.
13
Calculate the remainder when 263619 is divided by 1982.
13
Calculate the remainder when 38448 is divided by 29.
23
Calculate the remainder when 29129 is divided by 1459.
1408
Calculate the remainder when 16745 is divided by 106.
103
Calculate the remainder when 2764 is divided by 16.
12
Calculate the remainder when 120274 is divided by 15034.
2
What is the remainder when 46742 is divided by 6?
2
Calculate the remainder when 19993 is divided by 486.
67
Calculate the remainder when 40495 is divided by 1159.
1089
Calculate the remainder when 16952 is divided by 73.
16
What is the remainder when 46867 is divided by 109?
106
What is the remainder when 210527 is divided by 43?
42
What is the remainder when 4001 is divided by 139?
109
What is the remainder when 87316 is divided by 21?
19
Calculate the remainder when 95435 is divided by 44.
43
Calculate the remainder when 1503 is divided by 264.
183
Calculate the remainder when 1437 is divided by 158.
15
What is the remainder when 8131 is divided by 607?
240
Calculate the remainder when 2210596 is divided by 611.
609
Calculate the remainder when 37317 is divided by 18658.
1
What is the remainder when 4849 is divided by 4737?
112
What is the remainder when 8930 is divided by 38?
0
Calculate the remainder when 53417 is divided by 2673.
2630
What is the remainder when 356049 is divided by 59?
43
Calculate the remainder when 7771 is divided by 256.
91
Calculate the remainder when 20438 is divided by 2550.
38
What is the remainder when 3201 is divided by 100?
1
What is the remainder when 20536 is divided by 285?
16
What is the remainder when 305151 is divided by 281?
266
What is the remainder when 107982 is divided by 781?
204
Calculate the remainder when 52386 is divided by 301.
12
What is the remainder when 3859 is divided by 1811?
237
What is the remainder when 870 is divided by 7?
2
What is the remainder when 148610 is divided by 32?
2
Calculate the remainder when 44397 is divided by 370.
367
What is the remainder when 23208 is divided by 1054?
20
What is the remainder when 1884 is divided by 105?
99
Calculate the remainder when 853 is divided by 118.
27
What is the remainder when 402762 is divided by 72?
66
What is the remainder when 17990 is divided by 217?
196
Calculate the remainder when 6403 is divided by 3175.
53
Calculate the remainder when 802615 is divided by 21.
16
Calculate the remainder when 45224 is divided by 335.
334
Calculate the remainder when 8805 is divided by 2.
1
What is the remainder when 696297 is divided by 165?
162
What is the remainder when 169246 is divided by 1192?
1174
What is the remainder when 30955 is divided by 30934?
21
What is the remainder when 60760 is divided by 7592?
24
Calculate the remainder when 119967 is divided by 20.
7
Calculate the remainder when 8906 is divided by 166.
108
Calculate the remainder when 481 is divided by 78.
13
Calculate the remainder when 35821 is divided by 144.
109
Calculate the remainder when 259191 is divided by 34.
9
Calculate the remainder when 7578 is divided by 480.
378
What is the remainder when 4860 is divided by 819?
765
Calculate the remainder when 4831 is divided by 325.
281
What is the remainder when 123567 is divided by 74?
61
Calculate the remainder when 10786 is divided by 1167.
283
Calculate the remainder when 53225 is divided by 7599.
32
Calculate the remainder when 8761 is divided by 136.
57
Calculate the remainder when 68619 is divided by 375.
369
Calculate the remainder when 4049 is divided by 1011.
5
Calculate the remainder when 13030 is divided by 17.
8
What is the remainder when 52824 is divided by 2415?
2109
What is the remainder when 50946 is divided by 1498?
14
What is the remainder when 310246 is divided by 3?
1
What is the remainder when 293866 is divided by 803?
771
Calculate the remainder when 4502 is divided by 90.
2
Calculate the remainder when 578724 is divided by 889.
874
What is the remainder when 323202 is divided by 833?
831
Calculate the remainder when 21469 is divided by 3566.
73
Calculate the remainder when 115672 is divided by 55.
7
Calculate the remainder when 4095 is divided by 343.
322
Calculate the remainder when 10609 is divided by 165.
49
What is the remainder when 84316 is divided by 598?
596
What is the remainder when 94811 is divided by 49?
45
What is the remainder when 876 is divided by 54?
12
Calculate the remainder when 4881 is divided by 32.
17
What is the remainder when 11524 is divided by 43?
0
Calculate the remainder when 1706 is divided by 665.
376
What is the remainder when 82200 is divided by 26?
14
Calculate the remainder when 2246 is divided by 2184.
62
Calculate the remainder when 4869 is divided by 484.
29
Calculate the remainder when 17977 is divided by 10.
7
What is the remainder when 3030 is divided by 3027?
3
What is the remainder when 28470 is divided by 9483?
21
What is the remainder when 5965 is divided by 5938?
27
What is the remainder when 776 is divided by 99?
83
What is the remainder when 4432 is divided by 164?
4
Calculate the remainder when 105093 is divided by 715.
703
What is the remainder when 342 is divided by 216?
126
What is the remainder when 130585 is divided by 200?
185
Calculate the remainder when 4812 is divided by 9.
6
Calculate the remainder when 5413 is divided by 73.
11
Calculate the remainder when 3829 is divided by 395.
274
Calculate the remainder when 25789 is divided by 416.
413
Calculate the remainder when 112672 is divided by 822.
58
What is the remainder when 14598 is divided by 118?
84
What is the remainder when 287 is divided by 213?
74
What is the remainder when 30977 is divided by 392?
9
What is the remainder when 1794 is divided by 890?
14
What is the remainder when 1077 is divided by 67?
5
Calculate the remainder when 197896 is divided by 100.
96
Calculate the remainder when 147808 is divided by 36.
28
What is the remainder when 2860 is divided by 265?
210
What is the remainder when 20781 is divided by 54?
45
Calculate the remainder when 16592 is divided by 1642.
172
Calculate the remainder when 541081 is divided by 541080.
1
Calculate the remainder when 47428 is divided by 47421.
7
Calculate the remainder when 8309 is divided by 116.
73
Calculate the remainder when 6390 is divided by 346.
162
Calculate the remainder when 19538 is divided by 2441.
10
Calculate the remainder when 5130 i